{"id":77761,"date":"1913-04-16T21:05:49","date_gmt":"1913-04-17T03:42:25","guid":{"rendered":"https:\/\/periodico.hidalgo.gob.mx\/?post_type=tribe_events&#038;p=77761"},"modified":"2021-12-10T21:06:18","modified_gmt":"2021-12-11T03:06:18","slug":"periodico-oficial-ordinario-0-del-16-de-abril-de-1913","status":"publish","type":"tribe_events","link":"https:\/\/periodico.hidalgo.gob.mx\/?tribe_events=periodico-oficial-ordinario-0-del-16-de-abril-de-1913","title":{"rendered":"Peri\u00f3dico Oficial Ordinario 0 del 16 de abril de 1913"},"content":{"rendered":"<p><span style=\"text-decoration: underline;\"><strong>Datos generales<\/strong><\/span><\/p>\n<table style=\"width: 100%;\">\n<tbody>\n<tr>\n<td style=\"width: 50%;\"><span style=\"font-size: 16px;\"><strong>Edici\u00f3n: <\/strong> Ordinario 0<\/span><\/p>\n<p><span style=\"font-size: 16px;\"><strong>N\u00famero: <\/strong> 29<\/span><\/p>\n<p><span style=\"font-size: 16px;\"><strong>P\u00e1ginas: <\/strong> 10<\/span><\/td>\n<td style=\"width: 50%;\"><img decoding=\"async\" class=\"aligncenter\" src=\"https:\/\/periodico.hidalgo.gob.mx\/POEHIMG\/1913_abr_16_ord0_29_P\u00e1gina_01.png\" alt=\"\" width=\"80%\" \/><\/td>\n<\/tr>\n<\/tbody>\n<\/table>\n<hr \/>\n<p><span style=\"text-decoration: underline;\"><strong>Sumario <\/strong><\/span><\/p>\n<ul>\n<li style=\"text-align: justify;\">Poder Ejecutivo, Ram\u00f3n M. Rosales, Decreto 970 por el cual se se reforma articulo 97 de la Constituci\u00f3n Pol\u00edtica del Estado, en los t\u00e9rminos siguientes, Habra oficina que se denominar\u00e1 Contadur\u00eda General, Gobernador Constitucional del Estado de Hidalgo<\/li>\n<li style=\"text-align: justify;\">Poder Ejecutivo, Ram\u00f3n M. Rosales, Decreto 971 por el cual se concede Licencia al Gobernador Constitucional C. Ram\u00f3n Rosales para separarse del Despacho del Poder Ejecutivo por cuatro dias , Gobernador Constitucional del Estado de Hidalgo<\/li>\n<\/ul>\n<hr \/>\n<p><span style=\"text-decoration: underline;\"><strong>Vista previa<\/strong><\/span><\/p>\n\n<hr \/>\n<p><span style=\"text-decoration: underline;\"><strong>Descarga<\/strong><\/span><\/p>\n\n\t\t<a data-e-Disable-Page-Transition=\"true\" href=\"https:\/\/periodico.hidalgo.gob.mx?download=periodico-oficial-ordinario-0-del-16-de-abril-de-1913&tmstv=1777544300\" class=\"dlm-buttons-button dlm-buttons-button-poehbutton\" style=\"display:block;padding:.75em 1em;text-align:center;text-decoration:none;border: 4px solid #ffffff;border-radius:10px;font-family:Arial;font-size:16px;color:#bc955c;background:#691d33;background: linear-gradient(to bottom, #691d33,#691d33);\">Descargar <strong>Peri\u00f3dico Oficial Ordinario 0 del 16 de abril de 1913<\/strong><br \/><small>Tama\u00f1o 1.35 MB<\/small><\/a>\n\t\t\n","protected":false},"excerpt":{"rendered":"<p>Datos generales Edici\u00f3n: Ordinario 0 N\u00famero: 29 P\u00e1ginas: 10 Sumario Poder Ejecutivo, Ram\u00f3n M. Rosales, Decreto 970 por el cual se se reforma articulo 97 de la Constituci\u00f3n Pol\u00edtica del [&hellip;]<\/p>\n","protected":false},"author":1,"featured_media":0,"template":"","meta":{"_tribe_events_status":"","_tribe_events_status_reason":"","_tribe_events_is_hybrid":"","_tribe_events_is_virtual":"","_tribe_events_virtual_video_source":"","_tribe_events_virtual_embed_video":"","_tribe_events_virtual_linked_button_text":"","_tribe_events_virtual_linked_button":"","_tribe_events_virtual_show_embed_at":"","_tribe_events_virtual_show_embed_to":[],"_tribe_events_virtual_show_on_event":"","_tribe_events_virtual_show_on_views":"","_tribe_events_virtual_url":"","footnotes":""},"tags":[112,162,668,256,1013,326,316,669,520,65,547,531,190,99,82,351,395],"tribe_events_cat":[],"class_list":["post-77761","tribe_events","type-tribe_events","status-publish","hentry","tag-constitucion","tag-constitucion-politica","tag-constitucional","tag-cual","tag-cuatro","tag-decreto","tag-del-estado","tag-del-poder","tag-ejecutivo","tag-estado","tag-gobernador-constitucional","tag-ordinario","tag-periodico","tag-periodico-oficial","tag-periodico-oficial-ordinario-0","tag-poder-ejecutivo","tag-terminos"],"_links":{"self":[{"href":"https:\/\/periodico.hidalgo.gob.mx\/index.php?rest_route=\/wp\/v2\/tribe_events\/77761","targetHints":{"allow":["GET"]}}],"collection":[{"href":"https:\/\/periodico.hidalgo.gob.mx\/index.php?rest_route=\/wp\/v2\/tribe_events"}],"about":[{"href":"https:\/\/periodico.hidalgo.gob.mx\/index.php?rest_route=\/wp\/v2\/types\/tribe_events"}],"author":[{"embeddable":true,"href":"https:\/\/periodico.hidalgo.gob.mx\/index.php?rest_route=\/wp\/v2\/users\/1"}],"version-history":[{"count":0,"href":"https:\/\/periodico.hidalgo.gob.mx\/index.php?rest_route=\/wp\/v2\/tribe_events\/77761\/revisions"}],"wp:attachment":[{"href":"https:\/\/periodico.hidalgo.gob.mx\/index.php?rest_route=%2Fwp%2Fv2%2Fmedia&parent=77761"}],"wp:term":[{"taxonomy":"post_tag","embeddable":true,"href":"https:\/\/periodico.hidalgo.gob.mx\/index.php?rest_route=%2Fwp%2Fv2%2Ftags&post=77761"},{"taxonomy":"tribe_events_cat","embeddable":true,"href":"https:\/\/periodico.hidalgo.gob.mx\/index.php?rest_route=%2Fwp%2Fv2%2Ftribe_events_cat&post=77761"}],"curies":[{"name":"wp","href":"https:\/\/api.w.org\/{rel}","templated":true}]}}

Periódico Oficial Ordinario 0 del 16 de abril de 1913

<p><span style="text-decoration: underline;"><strong>Datos generales</strong></span></p>
<table style="width: 100%;">
<tbody>
<tr>
<td style="width: 50%;"><span style="font-size: 16px;"><strong>Edición: </strong> Ordinario 0</span></p>
<p><span style="font-size: 16px;"><strong>Número: </strong> 29</span></p>
<p><span style="font-size: 16px;"><strong>Páginas: </strong> 10</span></td>
<td style="width: 50%;"><img decoding="async" class="aligncenter" src="https://periodico.hidalgo.gob.mx/POEHIMG/1913_abr_16_ord0_29_Página_01.png" alt="" width="80%" /></td>
</tr>
</tbody>
</table>
<hr />
<p><span style="text-decoration: underline;"><strong>Sumario </strong></span></p>
<ul>
<li style="text-align: justify;">Poder Ejecutivo, Ramón M. Rosales, Decreto 970 por el cual se se reforma articulo 97 de la Constitución Política del Estado, en los términos siguientes, Habra oficina que se denominará Contaduría General, Gobernador Constitucional del Estado de Hidalgo</li>
<li style="text-align: justify;">Poder Ejecutivo, Ramón M. Rosales, Decreto 971 por el cual se concede Licencia al Gobernador Constitucional C. Ramón Rosales para separarse del Despacho del Poder Ejecutivo por cuatro dias , Gobernador Constitucional del Estado de Hidalgo</li>
</ul>
<hr />
<p><span style="text-decoration: underline;"><strong>Vista previa</strong></span></p>

<hr />
<p><span style="text-decoration: underline;"><strong>Descarga</strong></span></p>

		<a data-e-Disable-Page-Transition="true" href="https://periodico.hidalgo.gob.mx?download=periodico-oficial-ordinario-0-del-16-de-abril-de-1913&tmstv=1777544300" class="dlm-buttons-button dlm-buttons-button-poehbutton" style="display:block;padding:.75em 1em;text-align:center;text-decoration:none;border: 4px solid #ffffff;border-radius:10px;font-family:Arial;font-size:16px;color:#bc955c;background:#691d33;background: linear-gradient(to bottom, #691d33,#691d33);">Descargar <strong>Periódico Oficial Ordinario 0 del 16 de abril de 1913</strong><br /><small>Tamaño 1.35 MB</small></a>

<p>Datos generales Edición: Ordinario 0 Número: 29 Páginas: 10 Sumario Poder Ejecutivo, Ramón M. Rosales, Decreto 970 por el cual se se reforma articulo 97 de la Constitución Política del [&hellip;]</p>
