{"id":4899,"date":"2016-09-12T14:36:09","date_gmt":"2016-09-12T19:36:09","guid":{"rendered":"https:\/\/periodico.hidalgo.gob.mx\/?post_type=tribe_events&#038;p=4899"},"modified":"2021-09-30T15:37:08","modified_gmt":"2021-09-30T20:37:08","slug":"periodico-oficial-alcance-0-del-12-de-septiembre-de-2016","status":"publish","type":"tribe_events","link":"https:\/\/periodico.hidalgo.gob.mx\/?tribe_events=periodico-oficial-alcance-0-del-12-de-septiembre-de-2016","title":{"rendered":"Peri\u00f3dico Oficial Alcance 0 del 12 de septiembre de 2016"},"content":{"rendered":"<p><span style=\"text-decoration: underline;\"><strong>Datos generales<\/strong><\/span><\/p>\n<table style=\"width: 100%;\">\n<tbody>\n<tr>\n<td style=\"width: 50%;\"><span style=\"font-size: 16px;\"><strong>Edici\u00f3n: <\/strong> Alcance 0<\/span><br \/>\n<span style=\"font-size: 16px;\"><strong>N\u00famero: <\/strong> 38<\/span><br \/>\n<span style=\"font-size: 16px;\"><strong>P\u00e1ginas: <\/strong> 4<\/span><\/td>\n<td style=\"width: 50%;\"><img decoding=\"async\" class=\"aligncenter\" src=\"https:\/\/periodico.hidalgo.gob.mx\/POEHIMG\/2016_sep_12_alc0_38_P\u00e1gina_01.png\" alt=\"\" width=\"80%\" \/><\/td>\n<\/tr>\n<\/tbody>\n<\/table>\n<hr \/>\n<p><span style=\"text-decoration: underline;\"><strong>Sumario <\/strong><\/span><\/p>\n<ul>\n<li style=\"text-align: justify;\">Fe de Erratas a la Publicaci\u00f3n de fecha 5 de septiembre del 2016, Tomo CXLIX Edici\u00f3n Alcance Uno, en relaci\u00f3n a la publicaci\u00f3n de la declaraci\u00f3n de validez de la elecci\u00f3n y la entrega de las Constancias de Mayor\u00eda Relativa y Representaci\u00f3n Proporcional respectivamente, el Consejo General del Instituto Estatal Electoral, hace del conocimiento p\u00fablico y para los efectos legales conducentes, el nombre del Gobernador Constitucional Electo y los Integrantes de las f\u00f3rmulas de Diputados electos por los principios de mayor\u00eda relativa y representaci\u00f3n proporcional aprobado mediante el Acuerdo CG\/256\/2015 en primera sesi\u00f3n ordinaria de fecha 18 de agosto de 2016, asimismo la Integraci\u00f3n de los Ayuntamientos por los Principios de Mayor\u00eda Relativa y Representaci\u00f3n Proporcional aprobado por el Acuerdo CG\/257\/2016 y CG\/288\/2016 en la primera sesi\u00f3n ordinaria de fecha 18 de agosto y primera sesi\u00f3n extraordinaria de fecha 1 de septiembre de 2016, respectivamente.<\/li>\n<\/ul>\n<hr \/>\n<p><span style=\"text-decoration: underline;\"><strong>Vista previa<\/strong><\/span><br \/>\n\n<hr \/>\n<p><span style=\"text-decoration: underline;\"><strong>Descarga<\/strong><\/span><br \/>\n\n\t\t<a data-e-Disable-Page-Transition=\"true\" href=\"https:\/\/periodico.hidalgo.gob.mx?download=periodico-oficial-alcance-0-del-12-de-septiembre-de-2016&tmstv=1777280602\" class=\"dlm-buttons-button dlm-buttons-button-poehbutton\" style=\"display:block;padding:.75em 1em;text-align:center;text-decoration:none;border: 4px solid #ffffff;border-radius:10px;font-family:Arial;font-size:16px;color:#bc955c;background:#691d33;background: linear-gradient(to bottom, #691d33,#691d33);\">Descargar <strong>Peri\u00f3dico Oficial Alcance 0 del 12 de septiembre de 2016<\/strong><br \/><small>Tama\u00f1o 186.66 KB<\/small><\/a>\n\t\t\n","protected":false},"excerpt":{"rendered":"<p>Datos generales Edici\u00f3n: Alcance 0 N\u00famero: 38 P\u00e1ginas: 4 Sumario Fe de Erratas a la Publicaci\u00f3n de fecha 5 de septiembre del 2016, Tomo CXLIX Edici\u00f3n Alcance Uno, en relaci\u00f3n [&hellip;]<\/p>\n","protected":false},"author":1,"featured_media":0,"template":"","meta":{"_tribe_events_status":"","_tribe_events_status_reason":"","_tribe_events_is_hybrid":"","_tribe_events_is_virtual":"","_tribe_events_virtual_video_source":"","_tribe_events_virtual_embed_video":"","_tribe_events_virtual_linked_button_text":"","_tribe_events_virtual_linked_button":"","_tribe_events_virtual_show_embed_at":"","_tribe_events_virtual_show_embed_to":[],"_tribe_events_virtual_show_on_event":"","_tribe_events_virtual_show_on_views":"","_tribe_events_virtual_url":"","footnotes":""},"tags":[127,107],"tribe_events_cat":[],"class_list":["post-4899","tribe_events","type-tribe_events","status-publish","hentry","tag-gob","tag-septiembre"],"_links":{"self":[{"href":"https:\/\/periodico.hidalgo.gob.mx\/index.php?rest_route=\/wp\/v2\/tribe_events\/4899","targetHints":{"allow":["GET"]}}],"collection":[{"href":"https:\/\/periodico.hidalgo.gob.mx\/index.php?rest_route=\/wp\/v2\/tribe_events"}],"about":[{"href":"https:\/\/periodico.hidalgo.gob.mx\/index.php?rest_route=\/wp\/v2\/types\/tribe_events"}],"author":[{"embeddable":true,"href":"https:\/\/periodico.hidalgo.gob.mx\/index.php?rest_route=\/wp\/v2\/users\/1"}],"version-history":[{"count":0,"href":"https:\/\/periodico.hidalgo.gob.mx\/index.php?rest_route=\/wp\/v2\/tribe_events\/4899\/revisions"}],"wp:attachment":[{"href":"https:\/\/periodico.hidalgo.gob.mx\/index.php?rest_route=%2Fwp%2Fv2%2Fmedia&parent=4899"}],"wp:term":[{"taxonomy":"post_tag","embeddable":true,"href":"https:\/\/periodico.hidalgo.gob.mx\/index.php?rest_route=%2Fwp%2Fv2%2Ftags&post=4899"},{"taxonomy":"tribe_events_cat","embeddable":true,"href":"https:\/\/periodico.hidalgo.gob.mx\/index.php?rest_route=%2Fwp%2Fv2%2Ftribe_events_cat&post=4899"}],"curies":[{"name":"wp","href":"https:\/\/api.w.org\/{rel}","templated":true}]}}

Periódico Oficial Alcance 0 del 12 de septiembre de 2016

<p><span style="text-decoration: underline;"><strong>Datos generales</strong></span></p>
<table style="width: 100%;">
<tbody>
<tr>
<td style="width: 50%;"><span style="font-size: 16px;"><strong>Edición: </strong> Alcance 0</span><br />
<span style="font-size: 16px;"><strong>Número: </strong> 38</span><br />
<span style="font-size: 16px;"><strong>Páginas: </strong> 4</span></td>
<td style="width: 50%;"><img decoding="async" class="aligncenter" src="https://periodico.hidalgo.gob.mx/POEHIMG/2016_sep_12_alc0_38_Página_01.png" alt="" width="80%" /></td>
</tr>
</tbody>
</table>
<hr />
<p><span style="text-decoration: underline;"><strong>Sumario </strong></span></p>
<ul>
<li style="text-align: justify;">Fe de Erratas a la Publicación de fecha 5 de septiembre del 2016, Tomo CXLIX Edición Alcance Uno, en relación a la publicación de la declaración de validez de la elección y la entrega de las Constancias de Mayoría Relativa y Representación Proporcional respectivamente, el Consejo General del Instituto Estatal Electoral, hace del conocimiento público y para los efectos legales conducentes, el nombre del Gobernador Constitucional Electo y los Integrantes de las fórmulas de Diputados electos por los principios de mayoría relativa y representación proporcional aprobado mediante el Acuerdo CG/256/2015 en primera sesión ordinaria de fecha 18 de agosto de 2016, asimismo la Integración de los Ayuntamientos por los Principios de Mayoría Relativa y Representación Proporcional aprobado por el Acuerdo CG/257/2016 y CG/288/2016 en la primera sesión ordinaria de fecha 18 de agosto y primera sesión extraordinaria de fecha 1 de septiembre de 2016, respectivamente.</li>
</ul>
<hr />
<p><span style="text-decoration: underline;"><strong>Vista previa</strong></span><br />

<hr />
<p><span style="text-decoration: underline;"><strong>Descarga</strong></span><br />

		<a data-e-Disable-Page-Transition="true" href="https://periodico.hidalgo.gob.mx?download=periodico-oficial-alcance-0-del-12-de-septiembre-de-2016&tmstv=1777280602" class="dlm-buttons-button dlm-buttons-button-poehbutton" style="display:block;padding:.75em 1em;text-align:center;text-decoration:none;border: 4px solid #ffffff;border-radius:10px;font-family:Arial;font-size:16px;color:#bc955c;background:#691d33;background: linear-gradient(to bottom, #691d33,#691d33);">Descargar <strong>Periódico Oficial Alcance 0 del 12 de septiembre de 2016</strong><br /><small>Tamaño 186.66 KB</small></a>

<p>Datos generales Edición: Alcance 0 Número: 38 Páginas: 4 Sumario Fe de Erratas a la Publicación de fecha 5 de septiembre del 2016, Tomo CXLIX Edición Alcance Uno, en relación [&hellip;]</p>
