{"id":30038,"date":"2019-07-22T09:24:48","date_gmt":"2019-07-22T14:24:48","guid":{"rendered":"https:\/\/periodico.hidalgo.gob.mx\/?post_type=tribe_events&#038;p=30038"},"modified":"2021-09-27T16:29:31","modified_gmt":"2021-09-27T21:29:31","slug":"periodico-oficial-ordinario-0-del-22-de-julio-de-2019","status":"publish","type":"tribe_events","link":"https:\/\/periodico.hidalgo.gob.mx\/?tribe_events=periodico-oficial-ordinario-0-del-22-de-julio-de-2019","title":{"rendered":"Peri\u00f3dico Oficial Ordinario 0 del 22 de julio de 2019"},"content":{"rendered":"<p><span style=\"text-decoration: underline;\"><strong>Datos generales<\/strong><\/span><\/p>\n<table style=\"width: 100%;\">\n<tbody>\n<tr>\n<td style=\"width: 50%;\"><span style=\"font-size: 16px;\"><strong>Edici\u00f3n: <\/strong> Ordinario 0<\/span><br \/>\n<span style=\"font-size: 16px;\"><strong>N\u00famero: <\/strong> 29<\/span><br \/>\n<span style=\"font-size: 16px;\"><strong>P\u00e1ginas: <\/strong> 64<\/span><\/td>\n<td style=\"width: 50%;\"><img decoding=\"async\" class=\"aligncenter\" src=\"https:\/\/periodico.hidalgo.gob.mx\/POEHIMG\/2019_jul_22_ord0_29_P\u00e1gina_01.png\" alt=\"\" width=\"80%\" \/><\/td>\n<\/tr>\n<\/tbody>\n<\/table>\n<hr \/>\n<p><span style=\"text-decoration: underline;\"><strong>Sumario <\/strong><\/span><\/p>\n<ul>\n<li style=\"text-align: justify;\">Poder Judicial de la Federaci\u00f3n, Suprema Corte de Justicia de la Naci\u00f3n. &#8211; Acci\u00f3n de Inconstitucionalidad 42\/2016, promovida por el Instituto Nacional de Transparencia, Acceso a la Informaci\u00f3n y Protecci\u00f3n de Datos Personales.<\/li>\n<li style=\"text-align: justify;\">Fe de Erratas, en relaci\u00f3n al Acuerdo que crea el Comit\u00e9 de \u00c9tica y Prevenci\u00f3n de Conflictos de Inter\u00e9s del Instituto Hidalguense para el Desarrollo Municipal, publicado en el Peri\u00f3dico Oficial el d\u00eda 31 de diciembre del 2018.<\/li>\n<\/ul>\n<hr \/>\n<p><span style=\"text-decoration: underline;\"><strong>Vista previa<\/strong><\/span><br \/>\n\n<hr \/>\n<p><span style=\"text-decoration: underline;\"><strong>Descarga<\/strong><\/span><br \/>\n\n\t\t<a data-e-Disable-Page-Transition=\"true\" href=\"https:\/\/periodico.hidalgo.gob.mx?download=periodico-oficial-ordinario-0-del-22-de-julio-de-2019&tmstv=1777225017\" class=\"dlm-buttons-button dlm-buttons-button-poehbutton\" style=\"display:block;padding:.75em 1em;text-align:center;text-decoration:none;border: 4px solid #ffffff;border-radius:10px;font-family:Arial;font-size:16px;color:#bc955c;background:#691d33;background: linear-gradient(to bottom, #691d33,#691d33);\">Descargar <strong>Peri\u00f3dico Oficial Ordinario 0 del 22 de julio de 2019<\/strong><br \/><small>Tama\u00f1o 988.95 KB<\/small><\/a>\n\t\t\n","protected":false},"excerpt":{"rendered":"<p>Datos generales Edici\u00f3n: Ordinario 0 N\u00famero: 29 P\u00e1ginas: 64 Sumario Poder Judicial de la Federaci\u00f3n, Suprema Corte de Justicia de la Naci\u00f3n. &#8211; Acci\u00f3n de Inconstitucionalidad 42\/2016, promovida por el [&hellip;]<\/p>\n","protected":false},"author":1,"featured_media":0,"template":"","meta":{"_tribe_events_status":"","_tribe_events_status_reason":"","_tribe_events_is_hybrid":"","_tribe_events_is_virtual":"","_tribe_events_virtual_video_source":"","_tribe_events_virtual_embed_video":"","_tribe_events_virtual_linked_button_text":"","_tribe_events_virtual_linked_button":"","_tribe_events_virtual_show_embed_at":"","_tribe_events_virtual_show_embed_to":[],"_tribe_events_virtual_show_on_event":"","_tribe_events_virtual_show_on_views":"","_tribe_events_virtual_url":"","footnotes":""},"tags":[733,200,371,77,1035,137,948,66,139,531,190,99,82],"tribe_events_cat":[],"class_list":["post-30038","tribe_events","type-tribe_events","status-publish","hentry","tag-comite","tag-crea","tag-desarrollo","tag-diciembre","tag-informacion","tag-instituto-hidalguense","tag-instituto-nacional","tag-julio","tag-justicia","tag-ordinario","tag-periodico","tag-periodico-oficial","tag-periodico-oficial-ordinario-0"],"_links":{"self":[{"href":"https:\/\/periodico.hidalgo.gob.mx\/index.php?rest_route=\/wp\/v2\/tribe_events\/30038","targetHints":{"allow":["GET"]}}],"collection":[{"href":"https:\/\/periodico.hidalgo.gob.mx\/index.php?rest_route=\/wp\/v2\/tribe_events"}],"about":[{"href":"https:\/\/periodico.hidalgo.gob.mx\/index.php?rest_route=\/wp\/v2\/types\/tribe_events"}],"author":[{"embeddable":true,"href":"https:\/\/periodico.hidalgo.gob.mx\/index.php?rest_route=\/wp\/v2\/users\/1"}],"version-history":[{"count":0,"href":"https:\/\/periodico.hidalgo.gob.mx\/index.php?rest_route=\/wp\/v2\/tribe_events\/30038\/revisions"}],"wp:attachment":[{"href":"https:\/\/periodico.hidalgo.gob.mx\/index.php?rest_route=%2Fwp%2Fv2%2Fmedia&parent=30038"}],"wp:term":[{"taxonomy":"post_tag","embeddable":true,"href":"https:\/\/periodico.hidalgo.gob.mx\/index.php?rest_route=%2Fwp%2Fv2%2Ftags&post=30038"},{"taxonomy":"tribe_events_cat","embeddable":true,"href":"https:\/\/periodico.hidalgo.gob.mx\/index.php?rest_route=%2Fwp%2Fv2%2Ftribe_events_cat&post=30038"}],"curies":[{"name":"wp","href":"https:\/\/api.w.org\/{rel}","templated":true}]}}

Periódico Oficial Ordinario 0 del 22 de julio de 2019

<p><span style="text-decoration: underline;"><strong>Datos generales</strong></span></p>
<table style="width: 100%;">
<tbody>
<tr>
<td style="width: 50%;"><span style="font-size: 16px;"><strong>Edición: </strong> Ordinario 0</span><br />
<span style="font-size: 16px;"><strong>Número: </strong> 29</span><br />
<span style="font-size: 16px;"><strong>Páginas: </strong> 64</span></td>
<td style="width: 50%;"><img decoding="async" class="aligncenter" src="https://periodico.hidalgo.gob.mx/POEHIMG/2019_jul_22_ord0_29_Página_01.png" alt="" width="80%" /></td>
</tr>
</tbody>
</table>
<hr />
<p><span style="text-decoration: underline;"><strong>Sumario </strong></span></p>
<ul>
<li style="text-align: justify;">Poder Judicial de la Federación, Suprema Corte de Justicia de la Nación. &#8211; Acción de Inconstitucionalidad 42/2016, promovida por el Instituto Nacional de Transparencia, Acceso a la Información y Protección de Datos Personales.</li>
<li style="text-align: justify;">Fe de Erratas, en relación al Acuerdo que crea el Comité de Ética y Prevención de Conflictos de Interés del Instituto Hidalguense para el Desarrollo Municipal, publicado en el Periódico Oficial el día 31 de diciembre del 2018.</li>
</ul>
<hr />
<p><span style="text-decoration: underline;"><strong>Vista previa</strong></span><br />

<hr />
<p><span style="text-decoration: underline;"><strong>Descarga</strong></span><br />

		<a data-e-Disable-Page-Transition="true" href="https://periodico.hidalgo.gob.mx?download=periodico-oficial-ordinario-0-del-22-de-julio-de-2019&tmstv=1777225017" class="dlm-buttons-button dlm-buttons-button-poehbutton" style="display:block;padding:.75em 1em;text-align:center;text-decoration:none;border: 4px solid #ffffff;border-radius:10px;font-family:Arial;font-size:16px;color:#bc955c;background:#691d33;background: linear-gradient(to bottom, #691d33,#691d33);">Descargar <strong>Periódico Oficial Ordinario 0 del 22 de julio de 2019</strong><br /><small>Tamaño 988.95 KB</small></a>

<p>Datos generales Edición: Ordinario 0 Número: 29 Páginas: 64 Sumario Poder Judicial de la Federación, Suprema Corte de Justicia de la Nación. &#8211; Acción de Inconstitucionalidad 42/2016, promovida por el [&hellip;]</p>
