{"id":2768,"date":"2013-06-10T00:01:26","date_gmt":"2013-06-10T06:01:26","guid":{"rendered":"https:\/\/periodico.hidalgo.gob.mx\/?tribe_events=periodico-oficial-ordinario-0-del-10-de-junio-de-2013"},"modified":"2015-10-09T19:03:46","modified_gmt":"2015-10-10T00:03:46","slug":"periodico-oficial-ordinario-0-del-10-de-junio-de-2013","status":"publish","type":"tribe_events","link":"https:\/\/periodico.hidalgo.gob.mx\/?tribe_events=periodico-oficial-ordinario-0-del-10-de-junio-de-2013","title":{"rendered":"Peri\u00f3dico Oficial Ordinario 0 del 10 de junio de 2013"},"content":{"rendered":"<p><span style=\"text-decoration: underline;\"><strong>Datos generales<\/strong><\/span><\/p>\n<table style=\"width: 100%;\">\n<tbody>\n<tr>\n<td style=\"width: 50%;\"><span style=\"font-size: 16px;\"><strong>Edici\u00f3n: <\/strong> Ordinario 0<\/span><br \/>\n<span style=\"font-size: 16px;\"><strong>N\u00famero: <\/strong> 23<\/span><br \/>\n<span style=\"font-size: 16px;\"><strong>P\u00e1ginas: <\/strong> 53<\/span>\n<\/td>\n<td style=\"width: 50%;\"><img decoding=\"async\" class=\"aligncenter\" src=\"https:\/\/periodico.hidalgo.gob.mx\/POEHIMG\/2013_jun_10_ord0_23_P\u00e1gina_01.png\" alt=\"\" width=80% \/><\/td>\n<\/tr>\n<\/tbody>\n<\/table>\n<hr \/>\n<p><span style=\"text-decoration: underline;\"><strong>Sumario <\/strong><\/span><\/p>\n<ul>\n<li style=\"text-align: justify;\">Convenio de Colaboraci\u00f3n Administrativa en Materia Fiscal que celebran el Estado Libre y Soberano de Hidalgo, representado por el Titular de Secretar\u00eda de Finanzas y Administraci\u00f3n el L.A.E. Aunard Agust\u00edn de la Rocha Waite y por la otra, el Municipio de Epazoyucan, Hidalgo, representado por el L.A.E. Carlos Santill\u00e1n Mu\u00f1oz, en su car\u00e1cter de Presidente Municipal Constitucional.<br \/>\nInstituto Estatal Electoral de Hidalgo.- Con fundamento en lo dispuesto en los Art\u00edculos: 72, 86 fracciones I, III y XXI, 87 fracci\u00f3n VI, 88 fracci\u00f3n XV, 180 fracci\u00f3n II, 181 y dem\u00e1s relativos y aplicables de la Ley Electoral del Estado de Hidalgo, as\u00ed como del Acuerdo: CG\/093\/2013; de fecha 4 de junio del a\u00f1o en curso; el Consejo General del Instituto Estatal Electoral, hace del conocimiento p\u00fablico y para los efectos legales procedentes, las sustituciones de ciudadanos de las f\u00f3rmulas de Candidatos a Diputados Locales por el e Principio de representaci\u00f3n proporcional, que en ejercicio del derecho de los Partidos Pol\u00edticos presentaron y fueron aprobadas por el Pleno del consejo General, para participar en el actual proceso electoral, cuya jornada electoral se efectuar\u00e1 el domingo 7 de julio de 2013.<br \/>\nAcuerdo N\u00famero SSEMSyS 1333102.- Mediante el cual se otorga Reconocimiento de Validez Oficial de Estudios al programa acad\u00e9mico de Licenciatura en Gastronom\u00eda y Enolog\u00eda, solicitado por la Sociedad Civil denominada \u201cProcaleti, S.C.\u201d, para impartirse en modalidad mixta, turno mixto, alumnado mixto y con duraci\u00f3n de 9 cuatrimestres; en el inmueble ubicado en calle  Colegio Cervantes N\u00famero 101, Fracci\u00f3n I, Col. Colosio II, C.P. 42039, Pachuca de Soto, Hidalgo.<br \/>\nDecreto N\u00famero 2.- Que crea el Reglamento de Tr\u00e1nsito y Vialidad para el Municipio de Singuilucan, Hidalgo.<\/li>\n<\/ul>\n<hr \/>\n<p><span style=\"text-decoration: underline;\"><strong>Vista previa<\/strong><\/span><br \/>\n\n<hr \/>\n<p><span style=\"text-decoration: underline;\"><strong>Descarga<\/strong><\/span><br \/>\n\n\t\t<a data-e-Disable-Page-Transition=\"true\" href=\"https:\/\/periodico.hidalgo.gob.mx?download=periodico-oficial-ordinario-0-del-10-de-junio-de-2013&tmstv=1777330377\" class=\"dlm-buttons-button dlm-buttons-button-poehbutton\" style=\"display:block;padding:.75em 1em;text-align:center;text-decoration:none;border: 4px solid #ffffff;border-radius:10px;font-family:Arial;font-size:16px;color:#bc955c;background:#691d33;background: linear-gradient(to bottom, #691d33,#691d33);\">Descargar <strong>Peri\u00f3dico Oficial Ordinario 0 del 10 de junio de 2013<\/strong><br \/><small>Tama\u00f1o 3.38 MB<\/small><\/a>\n\t\t\n","protected":false},"excerpt":{"rendered":"<p>Datos generales Edici\u00f3n: Ordinario 0 N\u00famero: 23 P\u00e1ginas: 53 Sumario Convenio de Colaboraci\u00f3n Administrativa en Materia Fiscal que celebran el Estado Libre y Soberano de Hidalgo, representado por el Titular [&hellip;]<\/p>\n","protected":false},"author":1,"featured_media":0,"template":"","meta":{"_tribe_events_status":"","_tribe_events_status_reason":"","_tribe_events_is_hybrid":"","_tribe_events_is_virtual":"","_tribe_events_virtual_video_source":"","_tribe_events_virtual_embed_video":"","_tribe_events_virtual_linked_button_text":"","_tribe_events_virtual_linked_button":"","_tribe_events_virtual_show_embed_at":"","_tribe_events_virtual_show_embed_to":[],"_tribe_events_virtual_show_on_event":"","_tribe_events_virtual_show_on_views":"","_tribe_events_virtual_url":"","footnotes":""},"tags":[],"tribe_events_cat":[],"class_list":["post-2768","tribe_events","type-tribe_events","status-publish","hentry"],"_links":{"self":[{"href":"https:\/\/periodico.hidalgo.gob.mx\/index.php?rest_route=\/wp\/v2\/tribe_events\/2768","targetHints":{"allow":["GET"]}}],"collection":[{"href":"https:\/\/periodico.hidalgo.gob.mx\/index.php?rest_route=\/wp\/v2\/tribe_events"}],"about":[{"href":"https:\/\/periodico.hidalgo.gob.mx\/index.php?rest_route=\/wp\/v2\/types\/tribe_events"}],"author":[{"embeddable":true,"href":"https:\/\/periodico.hidalgo.gob.mx\/index.php?rest_route=\/wp\/v2\/users\/1"}],"version-history":[{"count":0,"href":"https:\/\/periodico.hidalgo.gob.mx\/index.php?rest_route=\/wp\/v2\/tribe_events\/2768\/revisions"}],"wp:attachment":[{"href":"https:\/\/periodico.hidalgo.gob.mx\/index.php?rest_route=%2Fwp%2Fv2%2Fmedia&parent=2768"}],"wp:term":[{"taxonomy":"post_tag","embeddable":true,"href":"https:\/\/periodico.hidalgo.gob.mx\/index.php?rest_route=%2Fwp%2Fv2%2Ftags&post=2768"},{"taxonomy":"tribe_events_cat","embeddable":true,"href":"https:\/\/periodico.hidalgo.gob.mx\/index.php?rest_route=%2Fwp%2Fv2%2Ftribe_events_cat&post=2768"}],"curies":[{"name":"wp","href":"https:\/\/api.w.org\/{rel}","templated":true}]}}

Periódico Oficial Ordinario 0 del 10 de junio de 2013

<p><span style="text-decoration: underline;"><strong>Datos generales</strong></span></p>
<table style="width: 100%;">
<tbody>
<tr>
<td style="width: 50%;"><span style="font-size: 16px;"><strong>Edición: </strong> Ordinario 0</span><br />
<span style="font-size: 16px;"><strong>Número: </strong> 23</span><br />
<span style="font-size: 16px;"><strong>Páginas: </strong> 53</span>
</td>
<td style="width: 50%;"><img decoding="async" class="aligncenter" src="https://periodico.hidalgo.gob.mx/POEHIMG/2013_jun_10_ord0_23_Página_01.png" alt="" width=80% /></td>
</tr>
</tbody>
</table>
<hr />
<p><span style="text-decoration: underline;"><strong>Sumario </strong></span></p>
<ul>
<li style="text-align: justify;">Convenio de Colaboración Administrativa en Materia Fiscal que celebran el Estado Libre y Soberano de Hidalgo, representado por el Titular de Secretaría de Finanzas y Administración el L.A.E. Aunard Agustín de la Rocha Waite y por la otra, el Municipio de Epazoyucan, Hidalgo, representado por el L.A.E. Carlos Santillán Muñoz, en su carácter de Presidente Municipal Constitucional.<br />
Instituto Estatal Electoral de Hidalgo.- Con fundamento en lo dispuesto en los Artículos: 72, 86 fracciones I, III y XXI, 87 fracción VI, 88 fracción XV, 180 fracción II, 181 y demás relativos y aplicables de la Ley Electoral del Estado de Hidalgo, así como del Acuerdo: CG/093/2013; de fecha 4 de junio del año en curso; el Consejo General del Instituto Estatal Electoral, hace del conocimiento público y para los efectos legales procedentes, las sustituciones de ciudadanos de las fórmulas de Candidatos a Diputados Locales por el e Principio de representación proporcional, que en ejercicio del derecho de los Partidos Políticos presentaron y fueron aprobadas por el Pleno del consejo General, para participar en el actual proceso electoral, cuya jornada electoral se efectuará el domingo 7 de julio de 2013.<br />
Acuerdo Número SSEMSyS 1333102.- Mediante el cual se otorga Reconocimiento de Validez Oficial de Estudios al programa académico de Licenciatura en Gastronomía y Enología, solicitado por la Sociedad Civil denominada “Procaleti, S.C.”, para impartirse en modalidad mixta, turno mixto, alumnado mixto y con duración de 9 cuatrimestres; en el inmueble ubicado en calle  Colegio Cervantes Número 101, Fracción I, Col. Colosio II, C.P. 42039, Pachuca de Soto, Hidalgo.<br />
Decreto Número 2.- Que crea el Reglamento de Tránsito y Vialidad para el Municipio de Singuilucan, Hidalgo.</li>
</ul>
<hr />
<p><span style="text-decoration: underline;"><strong>Vista previa</strong></span><br />

<hr />
<p><span style="text-decoration: underline;"><strong>Descarga</strong></span><br />

		<a data-e-Disable-Page-Transition="true" href="https://periodico.hidalgo.gob.mx?download=periodico-oficial-ordinario-0-del-10-de-junio-de-2013&tmstv=1777330377" class="dlm-buttons-button dlm-buttons-button-poehbutton" style="display:block;padding:.75em 1em;text-align:center;text-decoration:none;border: 4px solid #ffffff;border-radius:10px;font-family:Arial;font-size:16px;color:#bc955c;background:#691d33;background: linear-gradient(to bottom, #691d33,#691d33);">Descargar <strong>Periódico Oficial Ordinario 0 del 10 de junio de 2013</strong><br /><small>Tamaño 3.38 MB</small></a>

<p>Datos generales Edición: Ordinario 0 Número: 23 Páginas: 53 Sumario Convenio de Colaboración Administrativa en Materia Fiscal que celebran el Estado Libre y Soberano de Hidalgo, representado por el Titular [&hellip;]</p>
