{"id":25761,"date":"1928-03-08T00:01:26","date_gmt":"1928-03-08T06:01:26","guid":{"rendered":"https:\/\/periodico.hidalgo.gob.mx\/?tribe_events=periodico-oficial-ordinario-0-del-08-de-marzo-de-1928"},"modified":"2021-11-03T21:10:07","modified_gmt":"2021-11-04T03:10:07","slug":"periodico-oficial-ordinario-0-del-08-de-marzo-de-1928","status":"publish","type":"tribe_events","link":"https:\/\/periodico.hidalgo.gob.mx\/?tribe_events=periodico-oficial-ordinario-0-del-08-de-marzo-de-1928","title":{"rendered":"Peri\u00f3dico Oficial Ordinario 0 del 08 de marzo de 1928"},"content":{"rendered":"<p><span style=\"text-decoration: underline;\"><strong>Datos generales<\/strong><\/span><\/p>\n<table style=\"width: 100%;\">\n<tbody>\n<tr>\n<td style=\"width: 50%;\"><span style=\"font-size: 16px;\"><strong>Edici\u00f3n: <\/strong> Ordinario 0<\/span><br \/>\n<span style=\"font-size: 16px;\"><strong>N\u00famero: <\/strong> 10<\/span><br \/>\n<span style=\"font-size: 16px;\"><strong>P\u00e1ginas: <\/strong> 12<\/span><\/td>\n<td style=\"width: 50%;\"><img decoding=\"async\" class=\"aligncenter\" src=\"https:\/\/periodico.hidalgo.gob.mx\/POEHIMG\/1928_mar_08_ord0_10_P\u00e1gina_01.png\" alt=\"\" width=\"80%\" \/><\/td>\n<\/tr>\n<\/tbody>\n<\/table>\n<hr \/>\n<p><span style=\"text-decoration: underline;\"><strong>Sumario <\/strong><\/span><\/p>\n<ul>\n<li style=\"text-align: justify;\">TEXTO DEL INFORME RENDIDO POR EL C. GOBERNADOR A LOS CC. REPRESENTANTES DE LA H. XXIX LEGISLATURA LOCAL.<\/li>\n<li style=\"text-align: justify;\">INTERESANTE AL PUBLICO.-Con fecha 3 de febrero de 1927, el Gobierno giro a los administradores de Rentas del Estado la Circular n\u00famero 7, que a la letra dice: &#8220;La parte final del art\u00edculo 233 del Decreto n\u00famero 867 reformatorio de la Ley 523 prohibe a los Exactores recibir dep\u00f3sitos en cuenta de contribuciones, como apesar de esa Disposici\u00f3n algunos Administradores y Recaudadores de Rentas conservan cantidades depositadas sin que el Gobierno tenga el menos conocimiento de ello.<\/li>\n<li style=\"text-align: justify;\">2499.-NOTICIA, del movimiento de expedientes habido en la Procuraduria de Justicia del Estado, durante el mes de febrero de 1928.<\/li>\n<li style=\"text-align: justify;\">2607.-Sr. Jos\u00e9 Uribe Albacea de la Testamentaria Arcadio Uribe, Propietaria de la Hacienda &#8220;El Destello&#8221;, Por el presente esta Delegaci\u00f3n de mi cargo se permite manifestar que apartir de esta fecha y conforme lo estipula el Art\u00edculo 28 del Reglamento Agrario, dispone Ud. del plazo improrrogable de treinta dias para presentar ante la Comisi\u00f3n Nacional Agraria, los alegatos y pruebas que estime pertinentes en defensa de la finca &#8220;El Destello&#8221;, por resultar esta probablemente afectada con la dotaci\u00f3n de ejidos que en definitiva se conceda a los vecinos del pueblo de NOPALA DE VILLAGRAN.<\/li>\n<li style=\"text-align: justify;\">2175.-Solicitud de dotaci\u00f3n de tierras para los vecinos del pueblo de Santa Maria Amajac, Municipio de San Salvador, Distrito de Actopan, de este Estado.<\/li>\n<\/ul>\n<hr \/>\n<p><span style=\"text-decoration: underline;\"><strong>Vista previa<\/strong><\/span><br \/>\n\n<hr \/>\n<p><span style=\"text-decoration: underline;\"><strong>Descarga<\/strong><\/span><br \/>\n\n\t\t<a data-e-Disable-Page-Transition=\"true\" href=\"https:\/\/periodico.hidalgo.gob.mx?download=periodico-oficial-ordinario-0-del-08-de-marzo-de-1928&tmstv=1777254858\" class=\"dlm-buttons-button dlm-buttons-button-poehbutton\" style=\"display:block;padding:.75em 1em;text-align:center;text-decoration:none;border: 4px solid #ffffff;border-radius:10px;font-family:Arial;font-size:16px;color:#bc955c;background:#691d33;background: linear-gradient(to bottom, #691d33,#691d33);\">Descargar <strong>Peri\u00f3dico Oficial Ordinario 0 del 08 de marzo de 1928<\/strong><br \/><small>Tama\u00f1o 1.09 MB<\/small><\/a>\n\t\t\n","protected":false},"excerpt":{"rendered":"<p>Datos generales Edici\u00f3n: Ordinario 0 N\u00famero: 10 P\u00e1ginas: 12 Sumario TEXTO DEL INFORME RENDIDO POR EL C. GOBERNADOR A LOS CC. REPRESENTANTES DE LA H. XXIX LEGISLATURA LOCAL. INTERESANTE AL [&hellip;]<\/p>\n","protected":false},"author":1,"featured_media":0,"template":"","meta":{"_tribe_events_status":"","_tribe_events_status_reason":"","_tribe_events_is_hybrid":"","_tribe_events_is_virtual":"","_tribe_events_virtual_video_source":"","_tribe_events_virtual_embed_video":"","_tribe_events_virtual_linked_button_text":"","_tribe_events_virtual_linked_button":"","_tribe_events_virtual_show_embed_at":"","_tribe_events_virtual_show_embed_to":[],"_tribe_events_virtual_show_on_event":"","_tribe_events_virtual_show_on_views":"","_tribe_events_virtual_url":"","footnotes":""},"tags":[145,918,326,316,347,692,65,154,259,207,139,220,141,85,531,190,99,82,982,762],"tribe_events_cat":[],"class_list":["post-25761","tribe_events","type-tribe_events","status-publish","hentry","tag-comision","tag-comision-nacional","tag-decreto","tag-del-estado","tag-delegacion","tag-distrito","tag-estado","tag-febrero","tag-gobierno","tag-hacienda","tag-justicia","tag-ley","tag-marzo","tag-municipio","tag-ordinario","tag-periodico","tag-periodico-oficial","tag-periodico-oficial-ordinario-0","tag-santa","tag-vecinos"],"_links":{"self":[{"href":"https:\/\/periodico.hidalgo.gob.mx\/index.php?rest_route=\/wp\/v2\/tribe_events\/25761","targetHints":{"allow":["GET"]}}],"collection":[{"href":"https:\/\/periodico.hidalgo.gob.mx\/index.php?rest_route=\/wp\/v2\/tribe_events"}],"about":[{"href":"https:\/\/periodico.hidalgo.gob.mx\/index.php?rest_route=\/wp\/v2\/types\/tribe_events"}],"author":[{"embeddable":true,"href":"https:\/\/periodico.hidalgo.gob.mx\/index.php?rest_route=\/wp\/v2\/users\/1"}],"version-history":[{"count":0,"href":"https:\/\/periodico.hidalgo.gob.mx\/index.php?rest_route=\/wp\/v2\/tribe_events\/25761\/revisions"}],"wp:attachment":[{"href":"https:\/\/periodico.hidalgo.gob.mx\/index.php?rest_route=%2Fwp%2Fv2%2Fmedia&parent=25761"}],"wp:term":[{"taxonomy":"post_tag","embeddable":true,"href":"https:\/\/periodico.hidalgo.gob.mx\/index.php?rest_route=%2Fwp%2Fv2%2Ftags&post=25761"},{"taxonomy":"tribe_events_cat","embeddable":true,"href":"https:\/\/periodico.hidalgo.gob.mx\/index.php?rest_route=%2Fwp%2Fv2%2Ftribe_events_cat&post=25761"}],"curies":[{"name":"wp","href":"https:\/\/api.w.org\/{rel}","templated":true}]}}

Periódico Oficial Ordinario 0 del 08 de marzo de 1928

<p><span style="text-decoration: underline;"><strong>Datos generales</strong></span></p>
<table style="width: 100%;">
<tbody>
<tr>
<td style="width: 50%;"><span style="font-size: 16px;"><strong>Edición: </strong> Ordinario 0</span><br />
<span style="font-size: 16px;"><strong>Número: </strong> 10</span><br />
<span style="font-size: 16px;"><strong>Páginas: </strong> 12</span></td>
<td style="width: 50%;"><img decoding="async" class="aligncenter" src="https://periodico.hidalgo.gob.mx/POEHIMG/1928_mar_08_ord0_10_Página_01.png" alt="" width="80%" /></td>
</tr>
</tbody>
</table>
<hr />
<p><span style="text-decoration: underline;"><strong>Sumario </strong></span></p>
<ul>
<li style="text-align: justify;">TEXTO DEL INFORME RENDIDO POR EL C. GOBERNADOR A LOS CC. REPRESENTANTES DE LA H. XXIX LEGISLATURA LOCAL.</li>
<li style="text-align: justify;">INTERESANTE AL PUBLICO.-Con fecha 3 de febrero de 1927, el Gobierno giro a los administradores de Rentas del Estado la Circular número 7, que a la letra dice: &#8220;La parte final del artículo 233 del Decreto número 867 reformatorio de la Ley 523 prohibe a los Exactores recibir depósitos en cuenta de contribuciones, como apesar de esa Disposición algunos Administradores y Recaudadores de Rentas conservan cantidades depositadas sin que el Gobierno tenga el menos conocimiento de ello.</li>
<li style="text-align: justify;">2499.-NOTICIA, del movimiento de expedientes habido en la Procuraduria de Justicia del Estado, durante el mes de febrero de 1928.</li>
<li style="text-align: justify;">2607.-Sr. José Uribe Albacea de la Testamentaria Arcadio Uribe, Propietaria de la Hacienda &#8220;El Destello&#8221;, Por el presente esta Delegación de mi cargo se permite manifestar que apartir de esta fecha y conforme lo estipula el Artículo 28 del Reglamento Agrario, dispone Ud. del plazo improrrogable de treinta dias para presentar ante la Comisión Nacional Agraria, los alegatos y pruebas que estime pertinentes en defensa de la finca &#8220;El Destello&#8221;, por resultar esta probablemente afectada con la dotación de ejidos que en definitiva se conceda a los vecinos del pueblo de NOPALA DE VILLAGRAN.</li>
<li style="text-align: justify;">2175.-Solicitud de dotación de tierras para los vecinos del pueblo de Santa Maria Amajac, Municipio de San Salvador, Distrito de Actopan, de este Estado.</li>
</ul>
<hr />
<p><span style="text-decoration: underline;"><strong>Vista previa</strong></span><br />

<hr />
<p><span style="text-decoration: underline;"><strong>Descarga</strong></span><br />

		<a data-e-Disable-Page-Transition="true" href="https://periodico.hidalgo.gob.mx?download=periodico-oficial-ordinario-0-del-08-de-marzo-de-1928&tmstv=1777254858" class="dlm-buttons-button dlm-buttons-button-poehbutton" style="display:block;padding:.75em 1em;text-align:center;text-decoration:none;border: 4px solid #ffffff;border-radius:10px;font-family:Arial;font-size:16px;color:#bc955c;background:#691d33;background: linear-gradient(to bottom, #691d33,#691d33);">Descargar <strong>Periódico Oficial Ordinario 0 del 08 de marzo de 1928</strong><br /><small>Tamaño 1.09 MB</small></a>

<p>Datos generales Edición: Ordinario 0 Número: 10 Páginas: 12 Sumario TEXTO DEL INFORME RENDIDO POR EL C. GOBERNADOR A LOS CC. REPRESENTANTES DE LA H. XXIX LEGISLATURA LOCAL. INTERESANTE AL [&hellip;]</p>
