{"id":25630,"date":"1930-07-16T00:01:26","date_gmt":"1930-07-16T06:01:26","guid":{"rendered":"https:\/\/periodico.hidalgo.gob.mx\/?tribe_events=periodico-oficial-ordinario-0-del-16-de-julio-de-1930"},"modified":"2021-11-03T20:22:36","modified_gmt":"2021-11-04T02:22:36","slug":"periodico-oficial-ordinario-0-del-16-de-julio-de-1930","status":"publish","type":"tribe_events","link":"https:\/\/periodico.hidalgo.gob.mx\/?tribe_events=periodico-oficial-ordinario-0-del-16-de-julio-de-1930","title":{"rendered":"Peri\u00f3dico Oficial Ordinario 0 del 16 de julio de 1930"},"content":{"rendered":"<p><span style=\"text-decoration: underline;\"><strong>Datos generales<\/strong><\/span><\/p>\n<table style=\"width: 100%;\">\n<tbody>\n<tr>\n<td style=\"width: 50%;\"><span style=\"font-size: 16px;\"><strong>Edici\u00f3n: <\/strong> Ordinario 0<\/span><br \/>\n<span style=\"font-size: 16px;\"><strong>N\u00famero: <\/strong> 27<\/span><br \/>\n<span style=\"font-size: 16px;\"><strong>P\u00e1ginas: <\/strong> 8<\/span><\/td>\n<td style=\"width: 50%;\"><img decoding=\"async\" class=\"aligncenter\" src=\"https:\/\/periodico.hidalgo.gob.mx\/POEHIMG\/1930_jul_16_ord0_27_P\u00e1gina_01.png\" alt=\"\" width=\"80%\" \/><\/td>\n<\/tr>\n<\/tbody>\n<\/table>\n<hr \/>\n<p><span style=\"text-decoration: underline;\"><strong>Sumario <\/strong><\/span><\/p>\n<ul>\n<li style=\"text-align: justify;\">Decreto N\u00famero 177.- Se convoca al Congreso Constitucional del Estado, a un per\u00edodo de sesiones extraordinarias, que comenzar\u00e1 el d\u00eda 23 del mes en curso y en el cual se har\u00e1 el escrutinio de la elecci\u00f3n de Senadores, Propietario y Suplente al Congreso de la Uni\u00f3n, y la declaraci\u00f3n correspondiente, de acuerdo con lo que prescribe el Art\u00edculo 56 de la Constituci\u00f3n General de la Rep\u00fablica y el 98 de la Ley Electoral de Poderes Federales vigentes.<\/li>\n<li style=\"text-align: justify;\">Circular N\u00famero 189.- El Departamento de Establecimientos Fabriles y Aprovisionamientos Militares informa al Gobierno del Estado de Hidalgo, que se interesa en comprar 2,872 pares de polainas de lona que existen en su Almac\u00e9n Central de Materiales.<\/li>\n<li style=\"text-align: justify;\">6852.- Acuerdo.- Delegaci\u00f3n Sanitaria Federal informa al Gobierno y a su vez \u00e9ste comunique a los Ayuntamiento y Departamentos de Salubridad P\u00fablica que se form\u00f3 una Junta de Profilaxis de la Lepra.<\/li>\n<li style=\"text-align: justify;\">Secretar\u00eda General.- CORTE DE CAJA de Segunda operaci\u00f3n que practica esta Oficina para demostrar el movimiento de fondos habido durante el mes de mayo de 1930.<\/li>\n<li style=\"text-align: justify;\">NOTICIA.- Del movimiento de expedientes habido en la Procuradur\u00eda de Justicia del Estado, durante el mes de junio del corriente a\u00f1o.<\/li>\n<li style=\"text-align: justify;\">Secretar\u00eda de Agricultura y Fomento.- Notificaci\u00f3n a los usuarios de las Aguas del R\u00edo Chico de Tulancingo y Laguna de Hueyapan, Hgo.<\/li>\n<li style=\"text-align: justify;\">Secretar\u00eda de Agricultura y Fomento.- Notificaci\u00f3n a los usuarios del R\u00edo de Tepeji, Hgo.<\/li>\n<li style=\"text-align: justify;\">Universidad Nacional Aut\u00f3noma.- Convocatoria a los Compositores de M\u00fasica.<\/li>\n<\/ul>\n<hr \/>\n<p><span style=\"text-decoration: underline;\"><strong>Vista previa<\/strong><\/span><br \/>\n\n<hr \/>\n<p><span style=\"text-decoration: underline;\"><strong>Descarga<\/strong><\/span><br \/>\n\n\t\t<a data-e-Disable-Page-Transition=\"true\" href=\"https:\/\/periodico.hidalgo.gob.mx?download=periodico-oficial-ordinario-0-del-16-de-julio-de-1930&tmstv=1777229977\" class=\"dlm-buttons-button dlm-buttons-button-poehbutton\" style=\"display:block;padding:.75em 1em;text-align:center;text-decoration:none;border: 4px solid #ffffff;border-radius:10px;font-family:Arial;font-size:16px;color:#bc955c;background:#691d33;background: linear-gradient(to bottom, #691d33,#691d33);\">Descargar <strong>Peri\u00f3dico Oficial Ordinario 0 del 16 de julio de 1930<\/strong><br \/><small>Tama\u00f1o 793.75 KB<\/small><\/a>\n\t\t\n","protected":false},"excerpt":{"rendered":"<p>Datos generales Edici\u00f3n: Ordinario 0 N\u00famero: 27 P\u00e1ginas: 8 Sumario Decreto N\u00famero 177.- Se convoca al Congreso Constitucional del Estado, a un per\u00edodo de sesiones extraordinarias, que comenzar\u00e1 el d\u00eda [&hellip;]<\/p>\n","protected":false},"author":1,"featured_media":0,"template":"","meta":{"_tribe_events_status":"","_tribe_events_status_reason":"","_tribe_events_is_hybrid":"","_tribe_events_is_virtual":"","_tribe_events_virtual_video_source":"","_tribe_events_virtual_embed_video":"","_tribe_events_virtual_linked_button_text":"","_tribe_events_virtual_linked_button":"","_tribe_events_virtual_show_embed_at":"","_tribe_events_virtual_show_embed_to":[],"_tribe_events_virtual_show_on_event":"","_tribe_events_virtual_show_on_views":"","_tribe_events_virtual_url":"","footnotes":""},"tags":[354,651,100,475,112,668,1160,1045,256,316,549,347,1087,65,259,66,125,920,139,274,220,129,348,531,190,99,82,588,903,341,325],"tribe_events_cat":[],"class_list":["post-25630","tribe_events","type-tribe_events","status-publish","hentry","tag-ayuntamiento","tag-chico","tag-congreso","tag-congreso-constitucional","tag-constitucion","tag-constitucional","tag-convoca","tag-convocatoria","tag-cual","tag-del-estado","tag-del-rio","tag-delegacion","tag-electoral","tag-estado","tag-gobierno","tag-julio","tag-junio","tag-junta","tag-justicia","tag-las","tag-ley","tag-mayo","tag-notificacion","tag-ordinario","tag-periodico","tag-periodico-oficial","tag-periodico-oficial-ordinario-0","tag-publica","tag-republica","tag-rio","tag-tulancingo"],"_links":{"self":[{"href":"https:\/\/periodico.hidalgo.gob.mx\/index.php?rest_route=\/wp\/v2\/tribe_events\/25630","targetHints":{"allow":["GET"]}}],"collection":[{"href":"https:\/\/periodico.hidalgo.gob.mx\/index.php?rest_route=\/wp\/v2\/tribe_events"}],"about":[{"href":"https:\/\/periodico.hidalgo.gob.mx\/index.php?rest_route=\/wp\/v2\/types\/tribe_events"}],"author":[{"embeddable":true,"href":"https:\/\/periodico.hidalgo.gob.mx\/index.php?rest_route=\/wp\/v2\/users\/1"}],"version-history":[{"count":0,"href":"https:\/\/periodico.hidalgo.gob.mx\/index.php?rest_route=\/wp\/v2\/tribe_events\/25630\/revisions"}],"wp:attachment":[{"href":"https:\/\/periodico.hidalgo.gob.mx\/index.php?rest_route=%2Fwp%2Fv2%2Fmedia&parent=25630"}],"wp:term":[{"taxonomy":"post_tag","embeddable":true,"href":"https:\/\/periodico.hidalgo.gob.mx\/index.php?rest_route=%2Fwp%2Fv2%2Ftags&post=25630"},{"taxonomy":"tribe_events_cat","embeddable":true,"href":"https:\/\/periodico.hidalgo.gob.mx\/index.php?rest_route=%2Fwp%2Fv2%2Ftribe_events_cat&post=25630"}],"curies":[{"name":"wp","href":"https:\/\/api.w.org\/{rel}","templated":true}]}}

Periódico Oficial Ordinario 0 del 16 de julio de 1930

<p><span style="text-decoration: underline;"><strong>Datos generales</strong></span></p>
<table style="width: 100%;">
<tbody>
<tr>
<td style="width: 50%;"><span style="font-size: 16px;"><strong>Edición: </strong> Ordinario 0</span><br />
<span style="font-size: 16px;"><strong>Número: </strong> 27</span><br />
<span style="font-size: 16px;"><strong>Páginas: </strong> 8</span></td>
<td style="width: 50%;"><img decoding="async" class="aligncenter" src="https://periodico.hidalgo.gob.mx/POEHIMG/1930_jul_16_ord0_27_Página_01.png" alt="" width="80%" /></td>
</tr>
</tbody>
</table>
<hr />
<p><span style="text-decoration: underline;"><strong>Sumario </strong></span></p>
<ul>
<li style="text-align: justify;">Decreto Número 177.- Se convoca al Congreso Constitucional del Estado, a un período de sesiones extraordinarias, que comenzará el día 23 del mes en curso y en el cual se hará el escrutinio de la elección de Senadores, Propietario y Suplente al Congreso de la Unión, y la declaración correspondiente, de acuerdo con lo que prescribe el Artículo 56 de la Constitución General de la República y el 98 de la Ley Electoral de Poderes Federales vigentes.</li>
<li style="text-align: justify;">Circular Número 189.- El Departamento de Establecimientos Fabriles y Aprovisionamientos Militares informa al Gobierno del Estado de Hidalgo, que se interesa en comprar 2,872 pares de polainas de lona que existen en su Almacén Central de Materiales.</li>
<li style="text-align: justify;">6852.- Acuerdo.- Delegación Sanitaria Federal informa al Gobierno y a su vez éste comunique a los Ayuntamiento y Departamentos de Salubridad Pública que se formó una Junta de Profilaxis de la Lepra.</li>
<li style="text-align: justify;">Secretaría General.- CORTE DE CAJA de Segunda operación que practica esta Oficina para demostrar el movimiento de fondos habido durante el mes de mayo de 1930.</li>
<li style="text-align: justify;">NOTICIA.- Del movimiento de expedientes habido en la Procuraduría de Justicia del Estado, durante el mes de junio del corriente año.</li>
<li style="text-align: justify;">Secretaría de Agricultura y Fomento.- Notificación a los usuarios de las Aguas del Río Chico de Tulancingo y Laguna de Hueyapan, Hgo.</li>
<li style="text-align: justify;">Secretaría de Agricultura y Fomento.- Notificación a los usuarios del Río de Tepeji, Hgo.</li>
<li style="text-align: justify;">Universidad Nacional Autónoma.- Convocatoria a los Compositores de Música.</li>
</ul>
<hr />
<p><span style="text-decoration: underline;"><strong>Vista previa</strong></span><br />

<hr />
<p><span style="text-decoration: underline;"><strong>Descarga</strong></span><br />

		<a data-e-Disable-Page-Transition="true" href="https://periodico.hidalgo.gob.mx?download=periodico-oficial-ordinario-0-del-16-de-julio-de-1930&tmstv=1777229977" class="dlm-buttons-button dlm-buttons-button-poehbutton" style="display:block;padding:.75em 1em;text-align:center;text-decoration:none;border: 4px solid #ffffff;border-radius:10px;font-family:Arial;font-size:16px;color:#bc955c;background:#691d33;background: linear-gradient(to bottom, #691d33,#691d33);">Descargar <strong>Periódico Oficial Ordinario 0 del 16 de julio de 1930</strong><br /><small>Tamaño 793.75 KB</small></a>

<p>Datos generales Edición: Ordinario 0 Número: 27 Páginas: 8 Sumario Decreto Número 177.- Se convoca al Congreso Constitucional del Estado, a un período de sesiones extraordinarias, que comenzará el día [&hellip;]</p>
