{"id":136443,"date":"2023-03-17T23:51:40","date_gmt":"2023-03-18T05:51:40","guid":{"rendered":"https:\/\/periodico.hidalgo.gob.mx\/?post_type=tribe_events&#038;p=136443"},"modified":"2024-09-05T20:47:39","modified_gmt":"2024-09-06T02:47:39","slug":"periodico-oficial-alcance-2-del-17-de-marzo-de-2023","status":"publish","type":"tribe_events","link":"https:\/\/periodico.hidalgo.gob.mx\/?tribe_events=periodico-oficial-alcance-2-del-17-de-marzo-de-2023","title":{"rendered":"Peri\u00f3dico Oficial Alcance 2 del 17 de marzo de 2023"},"content":{"rendered":"<p><span style=\"text-decoration: underline;\"><strong>Datos generales<\/strong><\/span><\/p>\n<table style=\"width: 100%;\">\n<tbody>\n<tr>\n<td style=\"width: 50%;\"><span style=\"font-size: 16px;\"><strong>Edici\u00f3n: <\/strong> Alcance 2<\/span><\/p>\n<p><span style=\"font-size: 16px;\"><strong>N\u00famero: <\/strong> 11<\/span><\/p>\n<p><span style=\"font-size: 16px;\"><strong>P\u00e1ginas: <\/strong> 8<\/span><\/td>\n<td style=\"width: 50%;\"><img decoding=\"async\" class=\"aligncenter\" src=\"https:\/\/periodico.hidalgo.gob.mx\/POEHIMG\/2023_mar_17_alc2_11_P\u00e1gina_01.png\" alt=\"\" width=\"80%\" \/><\/td>\n<\/tr>\n<\/tbody>\n<\/table>\n<hr \/>\n<p><span style=\"text-decoration: underline;\"><strong>Sumario <\/strong><\/span><\/p>\n<ul>\n<li style=\"text-align: justify;\">Poder Legislativo.- Comunicaci\u00f3n de Integraci\u00f3n de Directiva que presidir\u00e1 los trabajos de esta Soberan\u00eda, durante el mes de marzo del a\u00f1o en curso, correspondiente al Segundo Periodo Ordinario de Sesiones del Segundo A\u00f1o de Ejercicio Constitucional.<\/li>\n<li style=\"text-align: justify;\">Poder Legislativo.- Acuerdo de la Junta de Gobierno de la Sexag\u00e9sima Quinta Legislatura del Congreso del Estado Libre y Soberano de Hidalgo por el que se ampl\u00edan los plazos y t\u00e9rminos de la convocatoria p\u00fablica abierta para el nombramiento de las personas Consejeras Honor\u00edficas del Consejo Estatal Ciudadano de la Comisi\u00f3n de B\u00fasqueda de Personas del Estado de Hidalgo.<\/li>\n<\/ul>\n<hr \/>\n<p><span style=\"text-decoration: underline;\"><strong>Vista previa<\/strong><\/span><\/p>\n\n<hr \/>\n<p><span style=\"text-decoration: underline;\"><strong>Descarga<\/strong><\/span><\/p>\n\n\t\t<a data-e-Disable-Page-Transition=\"true\" href=\"https:\/\/periodico.hidalgo.gob.mx?download=periodico-oficial-alcance-2-del-17-de-marzo-de-2023&tmstv=1777412865\" class=\"dlm-buttons-button dlm-buttons-button-poehbutton\" style=\"display:block;padding:.75em 1em;text-align:center;text-decoration:none;border: 4px solid #ffffff;border-radius:10px;font-family:Arial;font-size:16px;color:#bc955c;background:#691d33;background: linear-gradient(to bottom, #691d33,#691d33);\">Descargar <strong>Peri\u00f3dico Oficial Alcance 2 del 17 de marzo de 2023<\/strong><br \/><small>Tama\u00f1o 625.36 KB<\/small><\/a>\n\t\t\n","protected":false},"excerpt":{"rendered":"<p>Datos generales Edici\u00f3n: Alcance 2 N\u00famero: 11 P\u00e1ginas: 8 Sumario Poder Legislativo.- Comunicaci\u00f3n de Integraci\u00f3n de Directiva que presidir\u00e1 los trabajos de esta Soberan\u00eda, durante el mes de marzo del [&hellip;]<\/p>\n","protected":false},"author":1,"featured_media":0,"template":"","meta":{"_tribe_events_status":"","_tribe_events_status_reason":"","_tribe_events_is_hybrid":"","_tribe_events_is_virtual":"","_tribe_events_virtual_video_source":"","_tribe_events_virtual_embed_video":"","_tribe_events_virtual_linked_button_text":"","_tribe_events_virtual_linked_button":"","_tribe_events_virtual_show_embed_at":"","_tribe_events_virtual_show_embed_to":[],"_tribe_events_virtual_show_on_event":"","_tribe_events_virtual_show_on_views":"","_tribe_events_virtual_url":"","footnotes":""},"tags":[],"tribe_events_cat":[1206],"class_list":["post-136443","tribe_events","type-tribe_events","status-publish","hentry","tribe_events_cat-1206","cat_2023"],"_links":{"self":[{"href":"https:\/\/periodico.hidalgo.gob.mx\/index.php?rest_route=\/wp\/v2\/tribe_events\/136443","targetHints":{"allow":["GET"]}}],"collection":[{"href":"https:\/\/periodico.hidalgo.gob.mx\/index.php?rest_route=\/wp\/v2\/tribe_events"}],"about":[{"href":"https:\/\/periodico.hidalgo.gob.mx\/index.php?rest_route=\/wp\/v2\/types\/tribe_events"}],"author":[{"embeddable":true,"href":"https:\/\/periodico.hidalgo.gob.mx\/index.php?rest_route=\/wp\/v2\/users\/1"}],"version-history":[{"count":0,"href":"https:\/\/periodico.hidalgo.gob.mx\/index.php?rest_route=\/wp\/v2\/tribe_events\/136443\/revisions"}],"wp:attachment":[{"href":"https:\/\/periodico.hidalgo.gob.mx\/index.php?rest_route=%2Fwp%2Fv2%2Fmedia&parent=136443"}],"wp:term":[{"taxonomy":"post_tag","embeddable":true,"href":"https:\/\/periodico.hidalgo.gob.mx\/index.php?rest_route=%2Fwp%2Fv2%2Ftags&post=136443"},{"taxonomy":"tribe_events_cat","embeddable":true,"href":"https:\/\/periodico.hidalgo.gob.mx\/index.php?rest_route=%2Fwp%2Fv2%2Ftribe_events_cat&post=136443"}],"curies":[{"name":"wp","href":"https:\/\/api.w.org\/{rel}","templated":true}]}}

Periódico Oficial Alcance 2 del 17 de marzo de 2023

<p><span style="text-decoration: underline;"><strong>Datos generales</strong></span></p>
<table style="width: 100%;">
<tbody>
<tr>
<td style="width: 50%;"><span style="font-size: 16px;"><strong>Edición: </strong> Alcance 2</span></p>
<p><span style="font-size: 16px;"><strong>Número: </strong> 11</span></p>
<p><span style="font-size: 16px;"><strong>Páginas: </strong> 8</span></td>
<td style="width: 50%;"><img decoding="async" class="aligncenter" src="https://periodico.hidalgo.gob.mx/POEHIMG/2023_mar_17_alc2_11_Página_01.png" alt="" width="80%" /></td>
</tr>
</tbody>
</table>
<hr />
<p><span style="text-decoration: underline;"><strong>Sumario </strong></span></p>
<ul>
<li style="text-align: justify;">Poder Legislativo.- Comunicación de Integración de Directiva que presidirá los trabajos de esta Soberanía, durante el mes de marzo del año en curso, correspondiente al Segundo Periodo Ordinario de Sesiones del Segundo Año de Ejercicio Constitucional.</li>
<li style="text-align: justify;">Poder Legislativo.- Acuerdo de la Junta de Gobierno de la Sexagésima Quinta Legislatura del Congreso del Estado Libre y Soberano de Hidalgo por el que se amplían los plazos y términos de la convocatoria pública abierta para el nombramiento de las personas Consejeras Honoríficas del Consejo Estatal Ciudadano de la Comisión de Búsqueda de Personas del Estado de Hidalgo.</li>
</ul>
<hr />
<p><span style="text-decoration: underline;"><strong>Vista previa</strong></span></p>

<hr />
<p><span style="text-decoration: underline;"><strong>Descarga</strong></span></p>

		<a data-e-Disable-Page-Transition="true" href="https://periodico.hidalgo.gob.mx?download=periodico-oficial-alcance-2-del-17-de-marzo-de-2023&tmstv=1777412865" class="dlm-buttons-button dlm-buttons-button-poehbutton" style="display:block;padding:.75em 1em;text-align:center;text-decoration:none;border: 4px solid #ffffff;border-radius:10px;font-family:Arial;font-size:16px;color:#bc955c;background:#691d33;background: linear-gradient(to bottom, #691d33,#691d33);">Descargar <strong>Periódico Oficial Alcance 2 del 17 de marzo de 2023</strong><br /><small>Tamaño 625.36 KB</small></a>

<p>Datos generales Edición: Alcance 2 Número: 11 Páginas: 8 Sumario Poder Legislativo.- Comunicación de Integración de Directiva que presidirá los trabajos de esta Soberanía, durante el mes de marzo del [&hellip;]</p>
