{"id":135134,"date":"2022-08-22T22:04:47","date_gmt":"2022-08-23T03:04:47","guid":{"rendered":"https:\/\/periodico.hidalgo.gob.mx\/?post_type=tribe_events&#038;p=135134"},"modified":"2022-08-22T22:04:47","modified_gmt":"2022-08-23T03:04:47","slug":"periodico-oficial-alcance-1-del-22-de-agosto-de-2022","status":"publish","type":"tribe_events","link":"https:\/\/periodico.hidalgo.gob.mx\/?tribe_events=periodico-oficial-alcance-1-del-22-de-agosto-de-2022","title":{"rendered":"Peri\u00f3dico Oficial Alcance 1 del 22 de agosto de 2022"},"content":{"rendered":"<p><span style=\"text-decoration: underline;\"><strong>Datos generales<\/strong><\/span><\/p>\n<table style=\"width: 100%;\">\n<tbody>\n<tr>\n<td style=\"width: 50%;\"><span style=\"font-size: 16px;\"><strong>Edici\u00f3n: <\/strong> Alcance 1<\/span><\/p>\n<p><span style=\"font-size: 16px;\"><strong>N\u00famero: <\/strong> 34<\/span><\/p>\n<p><span style=\"font-size: 16px;\"><strong>P\u00e1ginas: <\/strong> 41<\/span><\/td>\n<td style=\"width: 50%;\"><img decoding=\"async\" class=\"aligncenter\" src=\"https:\/\/periodico.hidalgo.gob.mx\/POEHIMG\/2022_ago_22_alc1_34_P\u00e1gina_01.png\" alt=\"\" width=\"80%\" \/><\/td>\n<\/tr>\n<\/tbody>\n<\/table>\n<hr \/>\n<p><span style=\"text-decoration: underline;\"><strong>Sumario <\/strong><\/span><\/p>\n<ul>\n<li style=\"text-align: justify;\">Poder Ejecutivo.- Decreto N\u00famero 242 que nombra a la Ciudadana Ana Karen Parra Bonilla, Titular de la Presidencia de la Comisi\u00f3n de Derechos Humanos del Estado de Hidalgo, por un periodo de cinco a\u00f1os.<\/li>\n<li style=\"text-align: justify;\">Municipio de Acaxochitl\u00e1n, Hidalgo.- Bando de Polic\u00eda y Gobierno.<\/li>\n<li style=\"text-align: justify;\">Municipio de Tepeji del R\u00edo de Ocampo, Hidalgo.- Reglamento de Bienes Municipales.<\/li>\n<\/ul>\n<hr \/>\n<p><span style=\"text-decoration: underline;\"><strong>Vista previa<\/strong><\/span><\/p>\n\n<hr \/>\n<p><span style=\"text-decoration: underline;\"><strong>Descarga<\/strong><\/span><\/p>\n\n\t\t<a data-e-Disable-Page-Transition=\"true\" href=\"https:\/\/periodico.hidalgo.gob.mx?download=periodico-oficial-alcance-1-del-22-de-agosto-de-2022&tmstv=1777525916\" class=\"dlm-buttons-button dlm-buttons-button-poehbutton\" style=\"display:block;padding:.75em 1em;text-align:center;text-decoration:none;border: 4px solid #ffffff;border-radius:10px;font-family:Arial;font-size:16px;color:#bc955c;background:#691d33;background: linear-gradient(to bottom, #691d33,#691d33);\">Descargar <strong>Peri\u00f3dico Oficial Alcance 1 del 22 de agosto de 2022<\/strong><br \/><small>Tama\u00f1o 785.49 KB<\/small><\/a>\n\t\t\n","protected":false},"excerpt":{"rendered":"<p>Datos generales Edici\u00f3n: Alcance 1 N\u00famero: 34 P\u00e1ginas: 41 Sumario Poder Ejecutivo.- Decreto N\u00famero 242 que nombra a la Ciudadana Ana Karen Parra Bonilla, Titular de la Presidencia de la [&hellip;]<\/p>\n","protected":false},"author":1,"featured_media":0,"template":"","meta":{"_tribe_events_status":"","_tribe_events_status_reason":"","_tribe_events_is_hybrid":"","_tribe_events_is_virtual":"","_tribe_events_virtual_video_source":"","_tribe_events_virtual_embed_video":"","_tribe_events_virtual_linked_button_text":"","_tribe_events_virtual_linked_button":"","_tribe_events_virtual_show_embed_at":"","_tribe_events_virtual_show_embed_to":[],"_tribe_events_virtual_show_on_event":"","_tribe_events_virtual_show_on_views":"","_tribe_events_virtual_url":"","footnotes":""},"tags":[],"tribe_events_cat":[],"class_list":["post-135134","tribe_events","type-tribe_events","status-publish","hentry"],"_links":{"self":[{"href":"https:\/\/periodico.hidalgo.gob.mx\/index.php?rest_route=\/wp\/v2\/tribe_events\/135134","targetHints":{"allow":["GET"]}}],"collection":[{"href":"https:\/\/periodico.hidalgo.gob.mx\/index.php?rest_route=\/wp\/v2\/tribe_events"}],"about":[{"href":"https:\/\/periodico.hidalgo.gob.mx\/index.php?rest_route=\/wp\/v2\/types\/tribe_events"}],"author":[{"embeddable":true,"href":"https:\/\/periodico.hidalgo.gob.mx\/index.php?rest_route=\/wp\/v2\/users\/1"}],"version-history":[{"count":0,"href":"https:\/\/periodico.hidalgo.gob.mx\/index.php?rest_route=\/wp\/v2\/tribe_events\/135134\/revisions"}],"wp:attachment":[{"href":"https:\/\/periodico.hidalgo.gob.mx\/index.php?rest_route=%2Fwp%2Fv2%2Fmedia&parent=135134"}],"wp:term":[{"taxonomy":"post_tag","embeddable":true,"href":"https:\/\/periodico.hidalgo.gob.mx\/index.php?rest_route=%2Fwp%2Fv2%2Ftags&post=135134"},{"taxonomy":"tribe_events_cat","embeddable":true,"href":"https:\/\/periodico.hidalgo.gob.mx\/index.php?rest_route=%2Fwp%2Fv2%2Ftribe_events_cat&post=135134"}],"curies":[{"name":"wp","href":"https:\/\/api.w.org\/{rel}","templated":true}]}}

Periódico Oficial Alcance 1 del 22 de agosto de 2022

<p><span style="text-decoration: underline;"><strong>Datos generales</strong></span></p>
<table style="width: 100%;">
<tbody>
<tr>
<td style="width: 50%;"><span style="font-size: 16px;"><strong>Edición: </strong> Alcance 1</span></p>
<p><span style="font-size: 16px;"><strong>Número: </strong> 34</span></p>
<p><span style="font-size: 16px;"><strong>Páginas: </strong> 41</span></td>
<td style="width: 50%;"><img decoding="async" class="aligncenter" src="https://periodico.hidalgo.gob.mx/POEHIMG/2022_ago_22_alc1_34_Página_01.png" alt="" width="80%" /></td>
</tr>
</tbody>
</table>
<hr />
<p><span style="text-decoration: underline;"><strong>Sumario </strong></span></p>
<ul>
<li style="text-align: justify;">Poder Ejecutivo.- Decreto Número 242 que nombra a la Ciudadana Ana Karen Parra Bonilla, Titular de la Presidencia de la Comisión de Derechos Humanos del Estado de Hidalgo, por un periodo de cinco años.</li>
<li style="text-align: justify;">Municipio de Acaxochitlán, Hidalgo.- Bando de Policía y Gobierno.</li>
<li style="text-align: justify;">Municipio de Tepeji del Río de Ocampo, Hidalgo.- Reglamento de Bienes Municipales.</li>
</ul>
<hr />
<p><span style="text-decoration: underline;"><strong>Vista previa</strong></span></p>

<hr />
<p><span style="text-decoration: underline;"><strong>Descarga</strong></span></p>

		<a data-e-Disable-Page-Transition="true" href="https://periodico.hidalgo.gob.mx?download=periodico-oficial-alcance-1-del-22-de-agosto-de-2022&tmstv=1777525916" class="dlm-buttons-button dlm-buttons-button-poehbutton" style="display:block;padding:.75em 1em;text-align:center;text-decoration:none;border: 4px solid #ffffff;border-radius:10px;font-family:Arial;font-size:16px;color:#bc955c;background:#691d33;background: linear-gradient(to bottom, #691d33,#691d33);">Descargar <strong>Periódico Oficial Alcance 1 del 22 de agosto de 2022</strong><br /><small>Tamaño 785.49 KB</small></a>

<p>Datos generales Edición: Alcance 1 Número: 34 Páginas: 41 Sumario Poder Ejecutivo.- Decreto Número 242 que nombra a la Ciudadana Ana Karen Parra Bonilla, Titular de la Presidencia de la [&hellip;]</p>
