{"id":6965,"date":"2017-01-14T20:02:20","date_gmt":"2017-01-15T02:02:20","guid":{"rendered":"https:\/\/periodico.hidalgo.gob.mx\/?page_id=6965"},"modified":"2026-01-15T12:25:26","modified_gmt":"2026-01-15T18:25:26","slug":"informes-y-horario-de-atencion-al-usuario","status":"publish","type":"page","link":"https:\/\/periodico.hidalgo.gob.mx\/?page_id=6965","title":{"rendered":"Informes y horario de Atenci\u00f3n al Usuario"},"content":{"rendered":"<p style=\"text-align: center;\"><strong><span style=\"font-size: 20px;\">Nuestra atenci\u00f3n es bajo previa cita en los siguientes horarios<\/span> <\/strong><\/p>\n<hr \/>\n<p style=\"text-align: center;\"><strong>Atenci\u00f3n Presencial y telef\u00f3nica<br \/>\n<\/strong><\/p>\n<p style=\"text-align: center;\">De lunes a viernes de 09:20 a 16:40 hrs.<\/p>\n<p>&nbsp;<\/p>\n<p style=\"text-align: center;\"><a href=\"https:\/\/peridicooficialdelestadodehidalgo.simplybook.me\/v2\/#book\" target=\"_blank\" rel=\"noopener\">Generar cita<\/a><\/p>\n<hr \/>\n<p>&nbsp;<\/p>\n<p>&nbsp;<\/p>\n","protected":false},"excerpt":{"rendered":"<p>Nuestra atenci\u00f3n es bajo previa cita en los siguientes horarios Atenci\u00f3n Presencial y telef\u00f3nica De lunes a viernes de 09:20 a 16:40 hrs. &nbsp; Generar cita &nbsp; &nbsp;<\/p>\n","protected":false},"author":1,"featured_media":0,"parent":0,"menu_order":0,"comment_status":"closed","ping_status":"closed","template":"","meta":{"footnotes":""},"class_list":["post-6965","page","type-page","status-publish","hentry"],"_links":{"self":[{"href":"https:\/\/periodico.hidalgo.gob.mx\/index.php?rest_route=\/wp\/v2\/pages\/6965","targetHints":{"allow":["GET"]}}],"collection":[{"href":"https:\/\/periodico.hidalgo.gob.mx\/index.php?rest_route=\/wp\/v2\/pages"}],"about":[{"href":"https:\/\/periodico.hidalgo.gob.mx\/index.php?rest_route=\/wp\/v2\/types\/page"}],"author":[{"embeddable":true,"href":"https:\/\/periodico.hidalgo.gob.mx\/index.php?rest_route=\/wp\/v2\/users\/1"}],"replies":[{"embeddable":true,"href":"https:\/\/periodico.hidalgo.gob.mx\/index.php?rest_route=%2Fwp%2Fv2%2Fcomments&post=6965"}],"version-history":[{"count":1,"href":"https:\/\/periodico.hidalgo.gob.mx\/index.php?rest_route=\/wp\/v2\/pages\/6965\/revisions"}],"predecessor-version":[{"id":149499,"href":"https:\/\/periodico.hidalgo.gob.mx\/index.php?rest_route=\/wp\/v2\/pages\/6965\/revisions\/149499"}],"wp:attachment":[{"href":"https:\/\/periodico.hidalgo.gob.mx\/index.php?rest_route=%2Fwp%2Fv2%2Fmedia&parent=6965"}],"curies":[{"name":"wp","href":"https:\/\/api.w.org\/{rel}","templated":true}]}}