{"id":409,"date":"2015-03-21T17:49:44","date_gmt":"2015-03-21T23:49:44","guid":{"rendered":"https:\/\/periodico.hidalgo.gob.mx\/?page_id=409"},"modified":"2024-11-05T23:37:17","modified_gmt":"2024-11-06T05:37:17","slug":"antecedentes-del-periodico-oficial","status":"publish","type":"page","link":"https:\/\/periodico.hidalgo.gob.mx\/?page_id=409","title":{"rendered":"Antecedentes del Peri\u00f3dico Oficial"},"content":{"rendered":"<hr \/>\n<p style=\"text-align: center;\"><strong><span style=\"font-size: 24px;\">Antecedentes del Peri\u00f3dico Oficial<\/span><\/strong><\/p>\n<hr \/>\n<p>El Peri\u00f3dico Oficial del Estado de Hidalgo, nace con su primer publicaci\u00f3n, un 03 de marzo de 1869,<\/p>\n<p style=\"text-align: justify;\">El 15 de enero de 1869, el\u00a0Congreso de la Uni\u00f3n\u00a0emiti\u00f3 el Decreto de Creaci\u00f3n del Estado de Hidalgo. El Estado fue establecido al d\u00eda siguiente, el 16 de enero de 1869, por el presidente\u00a0Benito Ju\u00e1rez,\u00a0designando como\u00a0capital\u00a0del Estado a la ciudad de Pachuca a la cual le fue agregada la denominaci\u00f3n\u00a0\u00abde Soto\u00bb\u00a0en reconocimiento de\u00a0Manuel Fernando Soto, originario de la ciudad de\u00a0Tulancingo\u00a0y quien es considerado el m\u00e1s importante impulsor en la creaci\u00f3n del Estado.<\/p>\n<p style=\"text-align: justify;\">\u00a0Benito Pablo Ju\u00e1rez Garc\u00eda, Presidente Constitucional de los Estados Unidos Mexicanos, mediante decreto hizo saber a los habitantes que en la fracci\u00f3n III del art\u00edculo 72 de la Constituci\u00f3n, manifest\u00f3 en su art\u00edculo \u00fanico que quedaba definitivamente erigido un nuevo Estado de la Federaci\u00f3n, con el nombre de Hidalgo, la porci\u00f3n de territorio del antiguo Estado de M\u00e9xico, comprendida en los distritos de Actopan, Apan, Huascasaloya, Huejutla, Huichapan, Pachuca, Tula, Tulancingo, Ixmiquilpan, Zacualtipan y Zimapan, que conformaron el segundo distrito militar.<\/p>\n<p style=\"text-align: justify;\"><img loading=\"lazy\" decoding=\"async\" class=\"aligncenter size-full wp-image-144119\" src=\"https:\/\/periodico.hidalgo.gob.mx\/wp-content\/uploads\/Mapa_del_Estado_de_Hidalgo_-_1869-scaled-1.png\" alt=\"\" width=\"1536\" height=\"1125\" srcset=\"https:\/\/periodico.hidalgo.gob.mx\/wp-content\/uploads\/Mapa_del_Estado_de_Hidalgo_-_1869-scaled-1.png 1536w, https:\/\/periodico.hidalgo.gob.mx\/wp-content\/uploads\/Mapa_del_Estado_de_Hidalgo_-_1869-scaled-1-300x220.png 300w, https:\/\/periodico.hidalgo.gob.mx\/wp-content\/uploads\/Mapa_del_Estado_de_Hidalgo_-_1869-scaled-1-1024x750.png 1024w, https:\/\/periodico.hidalgo.gob.mx\/wp-content\/uploads\/Mapa_del_Estado_de_Hidalgo_-_1869-scaled-1-768x563.png 768w\" sizes=\"auto, (max-width: 1536px) 100vw, 1536px\" \/><\/p>\n<p style=\"text-align: justify;\">Por lo que desde el 15 de enero de 1869 a partir de la erecci\u00f3n del Estado se comenzaron a emitir diferentes Acuerdos y Decretos, mismos que fueron publicados en la gaceta Oficial del Estado.<\/p>\n<p style=\"text-align: justify;\">Su creaci\u00f3n se debe a quejas de Justino Fern\u00e1ndez, Jos\u00e9 Luis Revilla y Alejandro Garrido, que eran Diputados Federales, resaltaron el abandono del gobierno de\u00a0Toluca\u00a0hacia los territorios del norte del\u00a0Estado de M\u00e9xico\u00a0desde\u00a01861.\u00a0La amenaza de los franceses contra Ju\u00e1rez, en\u00a01862, sugiri\u00f3 la divisi\u00f3n del\u00a0Estado de M\u00e9xico\u00a0en tres distritos militares para su defensa. El segundo distrito ten\u00eda su capital en Actopan\u00a0y estaba integrado aproximadamente por los territorios que hoy forman el Estado de Hidalgo.<\/p>\n<p style=\"text-align: justify;\">A mediados de\u00a01867, cuando la Rep\u00fablica triunfa sobre el imperio, los trabajos para la creaci\u00f3n del Estado se reinician,\u00a0Manuel Fernando Soto\u00a0quien frente al\u00a0Congreso de la Uni\u00f3n pronunci\u00f3\u00a0un discurso durante la sesi\u00f3n del 1\u00ba de diciembre de\u00a01868, demostr\u00f3 que las condiciones se\u00f1aladas por la\u00a0Constituci\u00f3n de 1857\u00a0para crear nuevos Estados de la Federaci\u00f3n, hab\u00edan sido cubiertas.<\/p>\n<p style=\"text-align: justify;\">En el decreto Oficial se lee lo siguiente:<\/p>\n<p style=\"text-align: justify;\">\n<p>&nbsp;<\/p>\n<p><span data-sheets-value=\"{&quot;1&quot;:2,&quot;2&quot;:&quot;[Download not found]&quot;}\" data-sheets-userformat=\"{&quot;2&quot;:13055,&quot;3&quot;:{&quot;1&quot;:0},&quot;4&quot;:{&quot;1&quot;:2,&quot;2&quot;:12040119},&quot;5&quot;:{&quot;1&quot;:[{&quot;1&quot;:2,&quot;2&quot;:0,&quot;5&quot;:{&quot;1&quot;:2,&quot;2&quot;:0}},{&quot;1&quot;:0,&quot;2&quot;:0,&quot;3&quot;:3},{&quot;1&quot;:1,&quot;2&quot;:0,&quot;4&quot;:1}]},&quot;6&quot;:{&quot;1&quot;:[{&quot;1&quot;:2,&quot;2&quot;:0,&quot;5&quot;:{&quot;1&quot;:2,&quot;2&quot;:0}},{&quot;1&quot;:0,&quot;2&quot;:0,&quot;3&quot;:3},{&quot;1&quot;:1,&quot;2&quot;:0,&quot;4&quot;:1}]},&quot;7&quot;:{&quot;1&quot;:[{&quot;1&quot;:2,&quot;2&quot;:0,&quot;5&quot;:{&quot;1&quot;:2,&quot;2&quot;:0}},{&quot;1&quot;:0,&quot;2&quot;:0,&quot;3&quot;:3},{&quot;1&quot;:1,&quot;2&quot;:0,&quot;4&quot;:1}]},&quot;8&quot;:{&quot;1&quot;:[{&quot;1&quot;:2,&quot;2&quot;:0,&quot;5&quot;:{&quot;1&quot;:2,&quot;2&quot;:0}},{&quot;1&quot;:0,&quot;2&quot;:0,&quot;3&quot;:3},{&quot;1&quot;:1,&quot;2&quot;:0,&quot;4&quot;:1}]},&quot;9&quot;:1,&quot;10&quot;:1,&quot;12&quot;:0,&quot;15&quot;:&quot;Calibri&quot;,&quot;16&quot;:10}\" data-sheets-formula=\"=BUSCARV(R[0]C[11],'WP botones de descarga'!C[-14]:C[-12],3,0)\">\n\t\t<a data-e-Disable-Page-Transition=\"true\" href=\"https:\/\/periodico.hidalgo.gob.mx?download=periodico-oficial-ordinario-0-del-16-de-enero-de-1869&tmstv=1778511528\" class=\"dlm-buttons-button dlm-buttons-button-poehbutton\" style=\"display:block;padding:.75em 1em;text-align:center;text-decoration:none;border: 4px solid #ffffff;border-radius:10px;font-family:Arial;font-size:16px;color:#bc955c;background:#691d33;background: linear-gradient(to bottom, #691d33,#691d33);\">Descargar <strong>Peri\u00f3dico Oficial Ordinario 0 del 16 de enero de 1869<\/strong><br \/><small>Tama\u00f1o <\/small><\/a>\n\t\t<\/span><\/p>\n","protected":false},"excerpt":{"rendered":"<p>Antecedentes del Peri\u00f3dico Oficial El Peri\u00f3dico Oficial del Estado de Hidalgo, nace con su primer publicaci\u00f3n, un 03 de marzo de 1869, El 15 de enero de 1869, el\u00a0Congreso de [&hellip;]<\/p>\n","protected":false},"author":1,"featured_media":0,"parent":0,"menu_order":0,"comment_status":"closed","ping_status":"closed","template":"","meta":{"footnotes":""},"class_list":["post-409","page","type-page","status-publish","hentry"],"_links":{"self":[{"href":"https:\/\/periodico.hidalgo.gob.mx\/index.php?rest_route=\/wp\/v2\/pages\/409","targetHints":{"allow":["GET"]}}],"collection":[{"href":"https:\/\/periodico.hidalgo.gob.mx\/index.php?rest_route=\/wp\/v2\/pages"}],"about":[{"href":"https:\/\/periodico.hidalgo.gob.mx\/index.php?rest_route=\/wp\/v2\/types\/page"}],"author":[{"embeddable":true,"href":"https:\/\/periodico.hidalgo.gob.mx\/index.php?rest_route=\/wp\/v2\/users\/1"}],"replies":[{"embeddable":true,"href":"https:\/\/periodico.hidalgo.gob.mx\/index.php?rest_route=%2Fwp%2Fv2%2Fcomments&post=409"}],"version-history":[{"count":0,"href":"https:\/\/periodico.hidalgo.gob.mx\/index.php?rest_route=\/wp\/v2\/pages\/409\/revisions"}],"wp:attachment":[{"href":"https:\/\/periodico.hidalgo.gob.mx\/index.php?rest_route=%2Fwp%2Fv2%2Fmedia&parent=409"}],"curies":[{"name":"wp","href":"https:\/\/api.w.org\/{rel}","templated":true}]}}